
Let g(a) = -a**3 + 7*a**2 + 3*a + 1. Let l(o) = 3*o**3 - 20*o**2 - 8*o - 2. Let m(h) = -8*g(h) - 3*l(h). Let q be ((-44)/(-12) + -3)*3. What is m(q)?
6
Let j(a) = a**3 - 4*a**2 - 5*a + 8. Suppose -d - 4*u = 3, -d + 4*u = 2*u - 9. Give j(d).
8
Let z(c) = -31*c + 9. Let t(k) = -9*k + 3. Let v(q) = 7*t(q) - 2*z(q). Give v(5).
-2
Let a(j) = 29*j**2 + 28*j**2 - 56*j**2 - j + 0*j + 6. What is a(0)?
6
Let h(g) = 3*g + 9. Suppose 2*l - 37 = 3*z, 3*l - 3*z + 2*z = 59. Let t = -23 + l. Let q(m) = -2*m - 4. Let x(n) = t*h(n) - 7*q(n). What is x(-2)?
-9
Let u(p) = 419 + 1008*p - 1007*p - 429. Let l = 20 - 14. What is u(l)?
-4
Let a(t) = -t**2 + 6*t - 1. Let j be a(5). Suppose -j*o + 3*k - 21 = -9, -3*o + 3*k = 6. Let g(z) = 7*z - 10*z - 8 + 3. Determine g(o).
13
Suppose 7*g - 3*g + 20 = -4*i, 5*g + 11 = 2*i. Let l(n) = 2*n**2 + 2*n + 1. Determine l(i).
5
Let h be 12/(-16)*-4*(-8)/(-6). Let v(q) = -q**3 + 5*q**2 - 4*q - 3. Calculate v(h).
-3
Let y(x) = 2*x**2 + 2*x**2 + 0*x**2 + 5 + 2*x - 3*x**2 - 5*x. Determine y(5).
15
Suppose -28 = -22*c + 20*c. Suppose -9*v = -4*v + 2*a - 21, 0 = 2*v - 2*a - c. Let t(z) be the third derivative of -z**4/24 + z**3/3 + z**2. Calculate t(v).
-3
Let h(a) = a**3 - 5*a**2 + 6*a - 3. Suppose 0 = 3*c + 2*s - 18, -2*c + 1 = -2*s - 1. Let n(l) = -l + 8. Let r be n(c). What is h(r)?
5
Suppose 3*x - 20 - 25 = 0. Suppose -4*l + q + x = 0, 2*l + 5*q + 2 + 7 = 0. Let y(i) = -i**2 + i + 3. Give y(l).
-3
Let g(q) = -q**3 + 7*q**2 - 2*q - 8. Let c be g(6). Suppose 0 = -j + 5*j - c. Suppose 0 = -3*f + j - 19. Let p(l) = -2*l - 1. Determine p(f).
9
Let w(t) = 12*t + 3. Let g(d) = 2*d**2 - 10*d + 7. Let i be g(4). What is w(i)?
-9
Suppose 0 = 4*b - 2*q - 92, -7 = -3*b + 4*q + 57. Suppose -b - 1 = -5*a. Let r(y) = -6*y + 16. Let d(p) = p - 1. Let k(s) = 5*d(s) + r(s). Determine k(a).
6
Let m(y) = y + 7. Let g(w) = 25*w + 4. Let r be g(2). Let o = 48 - r. Determine m(o).
1
Let x(h) = h**2 - 6*h + 2. Suppose 0 = 4*g - 5*n - 182, -n = 2*g - 3*g + 45. Let f = -37 + g. What is x(f)?
2
Let r(x) = x**2 - 8*x - 4. Let g(t) = t**2 - 9*t - 4. Let f(h) = 2*g(h) - 3*r(h). Determine f(5).
9
Let l(u) be the first derivative of -5*u**4/4 - u**3/3 - 5*u**2 - 16*u - 16. Let h(i) = i**3 + 2*i + 3. Let z(d) = 11*h(d) + 2*l(d). Calculate z(-2).
-19
Let r(v) = -4*v + 1. Let f be r(2). Let d = f + 9. Let x(u) = 5*u**d - 9*u - 1 + 9*u. Calculate x(-1).
4
Let c(v) = 4*v + 6. Suppose 0 = -93*y + 84*y - 54. Determine c(y).
-18
Let d(k) = -k + 7. Suppose 44*y - 50*y = 0. Give d(y).
7
Let v(p) = -p**3 + 6*p**2 - 2. Suppose 50 = 2*t + 3*t. Let z be (-50)/15*(-18)/t. Give v(z).
-2
Let z be 8/3 + 2/(-3). Let r = 42 + -36. Let i(w) = -r - 1 + 13 - 5 - 2*w. Give i(z).
-3
Let b be (-3 + 6)/(-1 - 0). Let w(j) = 4*j - 3. Suppose 1 + 2 = -3*z, 3*d + 4*z = -19. Let a(f) = -7*f + 6. Let p(v) = d*w(v) - 3*a(v). Calculate p(b).
-6
Let c(f) = f - 7. Let x(b) = 6*b - 34. Let n(q) = 22*c(q) - 4*x(q). Give n(-6).
-6
Let z(f) = -f**3 + 7*f**2 - 7*f + 8. Suppose w - 4 - 1 = 0. Let l be w + 3 + -5 + 16. Let c = -13 + l. Calculate z(c).
2
Let b(v) = v**2 - 4*v + 5. Let k be b(2). Let h(j) be the first derivative of j + 1 - 7/2*j**4 - j**2 + 1/3*j**3. Calculate h(k).
-14
Let d(v) = v + 1. Let o(j) = j**2 + 4*j - 1. Let s be -3 + 3 + 1 - 4. Let x = 5 + -4. Let i(h) = s*d(h) + x*o(h). Calculate i(0).
-4
Let f(g) = g**2 + 6*g + 9. Let m be f(-4). Let z(c) = -m + 3*c + 0*c - 12*c. Give z(-1).
8
Suppose -48*u + 480 = -288. Let a(m) = -2*m**2 + 34*m - 24. Give a(u).
8
Let c = -827 - -823. Let o(u) = -3*u**2 - 3*u - 3. Determine o(c).
-39
Suppose f - 8 = u, 5*f - 2*u = 15 + 13. Let d(v) = -28*v + 25*v + f - 5. Determine d(-5).
14
Let z(v) = 82*v**3 - 4*v - 21. Let u(n) = 55*n**3 - 3*n - 15. Let k(h) = -7*u(h) + 5*z(h). What is k(1)?
26
Let n(z) = z**2 - 25*z - 21. Let a be n(26). Let j(i) be the third derivative of -1/60*i**a - 1/3*i**4 + 0*i + 0 + 11/6*i**3 - 10*i**2. Calculate j(-8).
11
Suppose -5*k - 20 = 5*j - 0*k, 4*j + 16 = 5*k. Suppose -3*o - 9 + 15 = 0. Let u(f) = 9*f**2 - 21*f**2 + 3*f + 4 + 13*f**o. What is u(j)?
8
Let z(x) be the second derivative of 0*x**2 + 1/12*x**4 + 2/3*x**3 + x - 10. Calculate z(-4).
0
Suppose 0 = -h + 4. Suppose -h*l = -l. Let i(j) = j + 4*j + 42*j - 48*j + 14. What is i(l)?
14
Let l(m) = -m - 9 + 8 - 1 + 2. Determine l(5).
-5
Let z(h) be the first derivative of 5/3*h**3 - 6*h - 1/4*h**4 + 3/2*h**2 + 7. Let n = 3 + 2. Calculate z(n).
9
Let y(m) = 5*m - 6. Let w(c) = -24*c + 30. Let d(x) = -3*w(x) - 14*y(x). Let j(g) = 2*g - 11. Let q be j(8). Suppose -4*k + q = -19. Determine d(k).
6
Let n be (-16)/(-12)*(-3 - 0). Let r be 4*(3 + 10/(-4)). Let a(b) = 5 - r*b + 2 - 3 - b**2. Give a(n).
-4
Let k(a) be the third derivative of -5/6*a**3 + 0 + 0*a - 6*a**2 + 1/60*a**5 + 1/12*a**4. Let m(b) be the first derivative of k(b). Determine m(3).
8
Let a = 72 + -85. Let o(z) = -5*z**3 - 7*z**2 + 8*z. Let r(h) = -11*h**3 - 15*h**2 + 17*h. Let d(i) = a*o(i) + 6*r(i). Determine d(2).
-8
Suppose 3 = 4*w + 31. Let l(m) = m**2 + 7*m + 4. Give l(w).
4
Let j(p) be the third derivative of p**8/6720 - p**7/360 + p**6/180 + p**5/30 + p**4/12 + 8*p**2. Let w(c) be the second derivative of j(c). Calculate w(6).
-8
Let h(q) be the second derivative of 4*q**3/3 + 5*q**2/2 - 2*q - 145. Calculate h(-6).
-43
Let b(k) be the third derivative of k**5/60 + 7*k**4/24 + 4*k**3/3 + k**2. Let h = -21 - -15. Let f be (-100)/15 + h/(-9). Determine b(f).
2
Let y(x) be the third derivative of x**4/6 + x**3/6 + 21*x**2 + x. Determine y(2).
9
Suppose s - 4 = 4*t - 2, -3*t - 8 = -4*s. Let n(v) = s*v**2 + 4 + 5 - 17 - 2*v + 2. Calculate n(3).
6
Let q be (8 + -2 - 2) + -16 + 11. Let u(x) be the third derivative of 7*x**5/30 + 52*x**2. Calculate u(q).
14
Let h(u) be the second derivative of u**3 - u**2/2 - 8*u + 1. What is h(-4)?
-25
Let l(o) = 3*o**2 + 6*o + 4. Let b(w) = -11*w**2 - 19*w - 12. Let s(g) = 2*b(g) + 7*l(g). Give s(5).
-1
Let s(k) = -914 + 0*k - k + 921. Give s(5).
2
Suppose 2*p = 1 + 19. Let v = p + -9. Let r(u) = 3*u + 5 - u**2 + v + 9*u - 7*u. Give r(7).
-8
Suppose -22*s + 12 = -25*s. Let w be (1 + -10)/(-5 - s). Suppose 29 = 4*l + w. Let b(c) = c**2 - 6*c - 5. What is b(l)?
-10
Suppose -5*f = -7*f + 24. Let i = 12 - f. Suppose 0 = -3*s + j - 2*j - 2, 2*s + 3*j - 1 = i. Let o(u) = -4*u**3 - 2*u - 1. Determine o(s).
5
Let y(x) be the first derivative of -x**6/120 + x**5/12 - x**4/8 + x**3/3 + 9*x**2 - 4. Let q(a) be the second derivative of y(a). Give q(4).
6
Let m(x) = -30*x - 12 - 52*x**3 + 53*x**3 + 29*x - x**2. Determine m(0).
-12
Let a(l) = l**2 + 11*l - 96. Let v be 357/(-34)*(-8)/14. What is a(v)?
6
Let a(p) = -7*p**3 + 12*p**2 - 18*p - 7. Let j(n) = n**3 - n**2 + 2*n + 2. Let x(l) = a(l) + 6*j(l). Give x(4).
13
Let x(d) = d + 6. Suppose 8*a - 96 + 16 = 0. Suppose 7*j - a = 8*j. Calculate x(j).
-4
Let p(a) be the third derivative of a**4/12 + 2*a**3/3 + 74*a**2 + 1. Determine p(3).
10
Let r(z) = -1 + 8*z + 3 + 3 - 9*z. What is r(3)?
2
Let c(s) = -s - 1. Suppose 6 - 14 = -3*n + 4*k, -2*n = 5*k + 33. What is c(n)?
3
Suppose 0 = -t + 1 + 7. Suppose 14 = -4*o + 18. Suppose -1 = 2*r + o, 0 = j + 5*r + t. Let b(s) = -s**3 - 5*s**2 - 2*s + 1. Determine b(j).
-11
Let k(a) = -6*a**2 + 88*a + 34. Let v be k(15). Let t(h) = -2*h**2 + 7*h - 6. Give t(v).
-10
Let o(r) be the second derivative of -r**6/120 + r**5/60 + 11*r**3/3 + 4*r. Let u(i) be the second derivative of o(i). Give u(-2).
-16
Let z(w) = -2*w + 1. Suppose -2*t + 32 = 2*t. Suppose -5*u + 4*n + 94 = 0, t*u + 4*n = 3*u + 86. Suppose -5*l - 5*d = -2*l + u, -5*d - 19 = 4*l. What is z(l)?
3
Let j(k) = -k**2 - 2*k + 2. Let d(a) = a**3 - a + 1. Let y(c) = 4*c**3 + 6*c**2 - 9*c - 2. Let f(m) = 5*d(m) - y(m). Let z be f(5). What is j(z)?
-6
Let h(q) = q**2 + 5*q - 2. Suppose 0 = 4*t - 4*u - 16, 2*t = u - 0 + 6. Suppose 3 - 15 = t*z. What is h(z)?
4
Let f(z) = -5*z - 1. Let y(v) = 4*v. Let d = 11 + -6. Let u(p) = d*f(p) + 6*y(p). Let c(i) = i**2 + 2*i + 1. Let n be c(-1). Calculate u(n).
-5
Let g(w) = -8*w - 1. Let j be g(-1). Let h(n) = 4*n + 3*n - 5*n - 4*n + 1 - 5*n**2 - 9. Let k(b) = -3*b**2 - b - 4. Let u(z) = j*k(z) - 4*h(z). Calculate u(-3).
-8
Suppose -5*k - 14 = -d - 47, -2*k + 6 = -4*d. Let q(f) = -f**3 + 6*f**2 + 7*f - 5. Give q(k